48268861 prime?
False
Is 337053719 prime?
True
Is 603624481 composite?
False
Is 232814905 composite?
True
Is 3571667 prime?
False
Is 2758489 composite?
False
Is 96853561 composite?
True
Is 3635717 a composite number?
False
Is 266906933 composite?
False
Is 94319 composite?
True
Is 232697 composite?
True
Is 5456587 a composite number?
True
Is 24636329 composite?
True
Is 1372301 prime?
False
Is 11601463 composite?
True
Is 86415727 prime?
True
Is 110031263 prime?
False
Is 58957495 prime?
False
Is 191077621 composite?
True
Is 6926291 prime?
True
Is 8345761 composite?
False
Is 16750291 a prime number?
False
Is 36233539 a composite number?
True
Is 63493753 a prime number?
True
Is 1391711 a composite number?
True
Is 1787323 a composite number?
False
Is 68972707 a composite number?
False
Is 10451953 a composite number?
False
Is 40207 a composite number?
True
Is 1617661 a composite number?
False
Is 466160781 a prime number?
False
Is 2793659 a prime number?
False
Is 1648963159 a composite number?
False
Is 922379 a prime number?
False
Is 42078631 composite?
True
Is 320591 composite?
False
Is 316206161 a composite number?
True
Is 50152559 a composite number?
True
Is 224806531 a composite number?
True
Is 5992198 a prime number?
False
Is 217640713 a composite number?
False
Is 94148045 a prime number?
False
Is 1400515 composite?
True
Is 5085055 a prime number?
False
Is 5801027 composite?
False
Is 568156643 a prime number?
False
Is 2594131 prime?
True
Is 40242457 a prime number?
True
Is 319868647 a composite number?
True
Is 28476145 composite?
True
Is 7282447 composite?
True
Is 265169 a composite number?
False
Is 31500353 a prime number?
True
Is 4757101 composite?
False
Is 3072197 a composite number?
False
Is 32252041 prime?
False
Is 1681543 composite?
True
Is 6726151 composite?
False
Is 2736089 a prime number?
True
Is 22275493 a prime number?
True
Is 51406753 composite?
True
Is 14993731 a prime number?
True
Is 57567773 prime?
True
Is 3623861 composite?
False
Is 26255809 prime?
True
Is 306323009 a prime number?
True
Is 508699 a prime number?
False
Is 99646 a composite number?
True
Is 102677537 composite?
False
Is 15288397 a composite number?
False
Is 26860513 prime?
True
Is 11000741 a composite number?
False
Is 35190241 a prime number?
False
Is 4493501 a composite number?
False
Is 37770791 prime?
True
Is 119960255 prime?
False
Is 10527367 composite?
False
Is 96887383 composite?
True
Is 516394 composite?
True
Is 16369667 prime?
True
Is 264289 prime?
True
Is 782581 a composite number?
False
Is 19029097 prime?
False
Is 1818769 a composite number?
False
Is 35653987 prime?
True
Is 6528701 composite?
True
Is 3659441 a composite number?
False
Is 6901547 composite?
False
Is 213205 a prime number?
False
Is 36008299 a prime number?
True
Is 9404849 prime?
True
Is 5475595 prime?
False
Is 115517939 a composite number?
False
Is 2211043 prime?
False
Is 88215923 composite?
False
Is 1001933 a prime number?
True
Is 596786497 a prime number?
False
Is 76712017 composite?
False
Is 535957399 a prime number?
False
Is 5355257 prime?
True
Is 984805 composite?
True
Is 395647067 a composite number?
True
Is 2555303 a prime number?
True
Is 1396950593 prime?
True
Is 366420823 composite?
False
Is 54401 prime?
True
Is 758491 composite?
False
Is 8461979 composite?
False
Is 107712113 composite?
False
Is 189810791 composite?
True
Is 13971323 composite?
True
Is 45169177 composite?
False
Is 58421809 prime?
False
Is 6489157 prime?
False
Is 118859531 prime?
False
Is 4464937 a composite number?
False
Is 1564237 a composite number?
False
Is 23238679 prime?
False
Is 30420365 prime?
False
Is 26360617 a prime number?
True
Is 3633983 a prime number?
True
Is 3722113 a prime number?
False
Is 1569019 prime?
False
Is 3604871 a prime number?
True
Is 4726411 a prime number?
False
Is 31552037 prime?
False
Is 5273759 prime?
True
Is 1319657 a prime number?
False
Is 473467 a prime number?
False
Is 442161191 composite?
True
Is 79852103 a composite number?
False
Is 946177 a prime number?
True
Is 1424119 prime?
True
Is 7026301 a composite number?
False
Is 2512919 composite?
False
Is 80680189 composite?
True
Is 60610721 a composite number?
False
Is 36310139 a prime number?
True
Is 1882781 prime?
True
Is 2662027 a composite number?
False
Is 144630865 prime?
False
Is 15421577 prime?
True
Is 18078287 composite?
False
Is 1405127 prime?
True
Is 8027651 a prime number?
True
Is 2464349 a composite number?
False
Is 145620499 a prime number?
True
Is 1505461 composite?
True
Is 155917453 composite?
False
Is 566075851 prime?
False
Is 2455127 a composite number?
False
Is 517189 a composite number?
False
Is 9104687 prime?
True
Is 677641 a prime number?
False
Is 179348659 a composite number?
True
Is 7048619 a composite number?
True
Is 21993107 prime?
False
Is 44171957 a composite number?
True
Is 39480451 composite?
True
Is 6955229 composite?
False
Is 15979463 a composite number?
True
Is 28104521 composite?
False
Is 41180207 composite?
False
Is 3296474 a composite number?
True
Is 4196737 a prime number?
True
Is 6575909 a composite number?
True
Is 65002765 prime?
False
Is 603397721 composite?
False
Is 17498111 composite?
False
Is 890249 prime?
False
Is 47716241 a prime number?
False
Is 3458611 composite?
True
Is 208557983 a composite number?
False
Is 322169 prime?
True
Is 2687329 prime?
True
Is 273168899 a prime number?
True
Is 54155903 a prime number?
False
Is 387197 prime?
True
Is 477303059 a composite number?
False
Is 35237509 composite?
True
Is 628349795 a composite number?
True
Is 348203 a composite number?
True
Is 55674337 composite?
True
Is 9913 composite?
True
Is 2730005 a composite number?
True
Is 609009551 composite?
False
Is 79421 a prime number?
False
Is 230508233 composite?
False
Is 71481334 prime?
False
Is 368559019 prime?
False
Is 68473477 a prime number?
True
Is 4487849 a composite number?
False
Is 123498041 a composite number?
True
Is 93203105 prime?
False
Is 9939451 composite?
True
Is 793046 composite?
True
Is 2440153 prime?
True
Is 1430747 prime?
False
Is 781373 a composite number?
True
Is 99317 composite?
False
Is 549282367 a prime number?
True
Is 22448897 prime?
False
Is 68392745 a composite number?
True
Is 17651422 a prime number?
False
Is 7959551 composite?
True
Is 18554737 a prime number?
True
Is 199731589 prime?
False
Is 5561169 a composite number?
True
Is 8715233 a composite number?
False
Is 5375033 a composite number?
False
Is 13429003 a prime number?
False
Is 10054159 composite?
False
Is 26601227 prime?
True
Is 17741233 prime?
False
Is 9117167 a prime number?
False
Is 853403 composite?
False
Is 9354647 a composite number?
True
Is 6994919 a composite number?
False
Is 720805 a composite number?
True
Is 111014314 prime?
False
Is 2353027 a prime number?
True
Is 1445827 a prime number?
True
Is 6288367 prime?
False
Is 1112867 a composite number?
True
Is 9948133 a prime number?
False
Is 392627 composite?
True
Is 1718297 a composite number?
True
Is 117535907 a prime number?
False
Is 6880589 a prime number?
True
Is 12692569 composite?
True
Is 2183707 prime?
True
Is 1307951 prime?
True
Is 21421123 composite?
False
Is 22605437 composite?
True
Is 13509527 a prime number?
True
Is 9381643 a composite number?
False
Is 21370619 composite?
False
Is 2763283 prime?
False
Is 22415053 a composite number?
True
Is 3491129 a prime number?
True
Is 287404021 prime?
False
Is 100806619 prime?
True
Is 51853609 a prime number?
True
Is 109614877 prime?
True
Is 1220299 a prime number?
False
Is 147367 a prime number?
False
Is 153358259 prime?
True
Is 483042967 a composite number?
True
Is 143123809 prime?
True
Is 9010303 composite?
True
Is 3652339 a prime number?
False
Is 9976591 prime?
True
Is 12958207 a prime number?
False
Is 1977611 a prime number?
True
Is 2311229 prime?
False
Is 7340569 prime?
True
Is 247501327 a prime number?
True
Is 704393 composite?
False
Is 7212055 a composite number?
True
Is 6387965 a prime number?
False
Is 77859038 a composite number?
True
Is 11527157 a composite number?
False
Is 8337379 composite?
False
Is 4459123 a prime number?
False
Is 1447897 composite?
True
Is 138878213 composite?
False
Is 601937 a composite number?
True
Is 46172677 composite?
True
Is 17881957 a composite number?
False
Is 4930397 a prim